{"id":70744,"date":"2020-04-15T11:42:56","date_gmt":"2020-04-15T15:42:56","guid":{"rendered":"http:\/\/schools.wrdsb.ca\/athome\/?page_id=70744"},"modified":"2022-12-06T12:35:45","modified_gmt":"2022-12-06T17:35:45","slug":"une-reflexion-de-lapprentissage-a-distance","status":"publish","type":"page","link":"https:\/\/schools.wrdsb.ca\/athome\/learn\/elementary-home\/elementary-2\/french-immersion\/french-immersion-grades-7-8\/cross-strand-activities\/une-reflexion-de-lapprentissage-a-distance\/","title":{"rendered":"Une r\u00e9flexion de l\u2019apprentissage \u00e0 distance"},"content":{"rendered":"<h5>Cross-Strand Activities<\/h5>\n<h2>Les Activit\u00e9s du Jour<\/h2>\n<h3>On \u00c9crit<\/h3>\n<ul>\n<li>Compl\u00e8te une r\u00e9flexion \u00e0 propos de l\u2019apprentissage \u00e0 distance.<\/li>\n<\/ul>\n<p>Le but: \u00c9crire un message court en fran\u00e7ais.<\/p>\n<p>Fais un tableau de T. Ecris une liste de ce que tu aimes d\u2019apprendre \u00e0 la maison versus apprendre \u00e0 l\u2019\u00e9cole. Apr\u00e8s, est-ce qu\u2019il y a des aspects de ton contexte d\u2019aujourd\u2019hui que tu peux ou que tu devrais changer pour l&#8217;am\u00e9liorer?<\/p>\n<table style=\"height: 48px; width: 50%; border-collapse: collapse;\" border=\"1\">\n<tbody>\n<tr style=\"height: 24px;\">\n<th style=\"width: 50%; height: 24px; text-align: center;\">Maison<\/th>\n<th style=\"width: 50%; height: 24px; text-align: center;\">Ecole<\/th>\n<\/tr>\n<tr style=\"height: 24px;\">\n<td style=\"width: 50%; height: 24px;\"><\/td>\n<td style=\"width: 50%; height: 24px;\"><\/td>\n<\/tr>\n<\/tbody>\n<\/table>\n<h3>Autre<\/h3>\n<ul>\n<li>N\u2019oublie pas de continuer de lire quelque chose qui t&#8217;int\u00e9resse et d&#8217;\u00e9crire tes r\u00e9flexions dans ton cahier d&#8217;\u00e9criture chaque jour.<\/li>\n<\/ul>\n<p>(merci \u00e0 @sdvlil pour le dessin)<br \/>\n(des remerciements sp\u00e9ciaux vont \u00e0 Maria Montroni-Currais \u00e0 eslathome.edublogs.org pour sa permission d\u2019utiliser ses id\u00e9es d&#8217;activit\u00e9s)<\/p>\n<div class=\"alert alert-info\">\n<h2>Note to Parents\/Guardians<\/h2>\n<p>Your child is being invited to reflect on aspects they like about distance learning versus what they liked about school. They are invited to create a T-table to compare the two and then to consider whether there is anything that they should change about their current context to make it even better. They are also encouraged to read something of enjoyment and write in their Writer\u2019s Notebook daily.<\/p>\n<\/div>\n","protected":false},"excerpt":{"rendered":"<p>Fais un tableau de T. Ecris une liste de ce que tu aimes d\u2019apprendre \u00e0 la maison versus apprendre \u00e0 l\u2019\u00e9cole. Apr\u00e8s, est-ce qu\u2019il y a des aspects de ton contexte d\u2019aujourd\u2019hui que tu peux ou que tu devrais changer pour l&#8217;am\u00e9liorer? <\/p>\n","protected":false},"author":15985,"featured_media":0,"parent":73176,"menu_order":1,"comment_status":"closed","ping_status":"closed","template":"","meta":{"footnotes":""},"categories":[7],"tags":[],"class_list":["post-70744","page","type-page","status-publish","hentry","category-elementary"],"_links":{"self":[{"href":"https:\/\/schools.wrdsb.ca\/athome\/wp-json\/wp\/v2\/pages\/70744","targetHints":{"allow":["GET"]}}],"collection":[{"href":"https:\/\/schools.wrdsb.ca\/athome\/wp-json\/wp\/v2\/pages"}],"about":[{"href":"https:\/\/schools.wrdsb.ca\/athome\/wp-json\/wp\/v2\/types\/page"}],"author":[{"embeddable":true,"href":"https:\/\/schools.wrdsb.ca\/athome\/wp-json\/wp\/v2\/users\/15985"}],"replies":[{"embeddable":true,"href":"https:\/\/schools.wrdsb.ca\/athome\/wp-json\/wp\/v2\/comments?post=70744"}],"version-history":[{"count":0,"href":"https:\/\/schools.wrdsb.ca\/athome\/wp-json\/wp\/v2\/pages\/70744\/revisions"}],"up":[{"embeddable":true,"href":"https:\/\/schools.wrdsb.ca\/athome\/wp-json\/wp\/v2\/pages\/73176"}],"wp:attachment":[{"href":"https:\/\/schools.wrdsb.ca\/athome\/wp-json\/wp\/v2\/media?parent=70744"}],"wp:term":[{"taxonomy":"category","embeddable":true,"href":"https:\/\/schools.wrdsb.ca\/athome\/wp-json\/wp\/v2\/categories?post=70744"},{"taxonomy":"post_tag","embeddable":true,"href":"https:\/\/schools.wrdsb.ca\/athome\/wp-json\/wp\/v2\/tags?post=70744"}],"curies":[{"name":"wp","href":"https:\/\/api.w.org\/{rel}","templated":true}]}}